 + 1 = -5*y - s. What is the units digit of y + 5/(10/8)?
1
Let y(x) = 32*x**2 - 27*x - 291. What is the tens digit of y(-10)?
7
Let c(y) = -y + 8. Let n be c(6). Suppose -343 = -0*k + 4*k - d, 3*k - n*d = -261. Let i = -30 - k. What is the units digit of i?
5
Let m be (-7 + 2)*2 - 4. Let r = -52 + 17. Let s = m - r. What is the tens digit of s?
2
Suppose -1306 = -9*m - 1. What is the hundreds digit of m?
1
Suppose -75*c + 59*c + 17280 = 0. What is the tens digit of c?
8
Suppose -3*c + 693 = 3*z, -4*c + 4*z = -188 - 720. What is the hundreds digit of c?
2
Let x = -1818 - -2606. What is the tens digit of x?
8
Let c(d) = -2*d**3 - d**2 + 2*d + 5. Let x be c(3). Let k = x + 103. What is the units digit of k?
1
Let i be (1 + 1 - -1) + -20. Let x = i + 20. What is the units digit of 20/x*12/8?
0
Suppose 2*u - 6 = 3*n, 2*u - 7*u = 4*n + 8. Suppose -5*r + 165 + 5 = u. What is the tens digit of r?
3
Suppose -11*m - 6*m = -9537. What is the units digit of m?
1
Let b(p) = 6*p**2 - 5*p + 4. Let v = -9 - -12. Let s be b(v). Suppose -s + 13 = -2*z. What is the units digit of z?
5
Suppose 0 = 3*i - 0*i - 78. Suppose 0 = 31*v - i*v - 475. What is the units digit of v?
5
Let t(u) = -u**2 + 2*u + 3. Let l be t(3). Suppose 236 = 4*g - l*g. What is the units digit of g?
9
Let k = 288 + -124. Suppose -2*r + k = 40. What is the tens digit of r?
6
What is the hundreds digit of -10*(-20)/(-25) - -296?
2
Let d(m) = -5*m - 29. Let t = 40 - 52. What is the units digit of d(t)?
1
Let a be ((-144)/(-22))/(-3) - 46/(-253). Let t(g) = 0*g + 2*g**2 + 4*g**2 - 3 - 4*g. What is the units digit of t(a)?
9
Suppose 3*x + 50 = 131. Suppose 0 = 5*i + 3*y - 131, i + y = -0*y + x. What is the tens digit of i?
2
Let w(u) = -1011*u - 17. What is the units digit of w(-1)?
4
Suppose 4*b - 228 = 4*t, -288 = 3*t - 4*b - 115. Let x(l) = -2*l**2 - 7*l + 11. Let j be x(-9). Let k = t - j. What is the units digit of k?
3
Suppose -b - 343 = -a, -5*a - 5*b + 438 = -1327. Suppose 3*x - a = -0. What is the units digit of x?
6
Let z(h) = 2*h**2 - 19*h - 25. Let c be z(11). Suppose 5*i = c*i - 27. What is the units digit of i?
9
Let k be (-1 + -5)/(27/(-18)). Suppose -k*w + 83 = -117. What is the tens digit of w?
5
Let d(a) = 22*a**2 + 5*a - 2. Suppose 4*x = -3*g - 2, x - 6 = -2*g + 2*x. What is the tens digit of d(g)?
9
Let o(f) = 14*f**2 - 18*f - 102. What is the tens digit of o(-7)?
1
Let g(c) = 153*c + 534. What is the hundreds digit of g(24)?
2
Suppose -4*f - f - i = 402, 0 = 2*f + i + 162. Let c = 39 - f. What is the tens digit of c?
1
Suppose -27*o + 43020 = -9*o. What is the thousands digit of o?
2
Let n = 289 - -298. What is the hundreds digit of n?
5
Suppose m = -5*t - 339, m - 4*t + 95 + 244 = 0. Let g = -186 - m. What is the tens digit of g?
5
Let m be (3/(-2) - 0)*18. Suppose 4*r + 17 = 65. What is the units digit of (-3)/(m/24)*r?
2
Suppose 0 = -3*s + 9, s = 2*b - 609 + 138. What is the hundreds digit of b?
2
Let u = 98 + -96. Suppose -u*f - 3*f = 4*o - 595, 2*f = -o + 151. What is the tens digit of o?
4
Let f = 7 - -39. Let r be ((-28)/(-6))/(4/42). Suppose -m + g = -2*m + f, m - r = 2*g. What is the tens digit of m?
4
Suppose -n = z, 5*n = -2*z - 0 + 15. Suppose -5*c + n*m = -365, 107 = 3*c + 5*m - 96. What is the tens digit of c?
7
Let p(k) = -3*k**2 - k - 2. Let n be p(-5). Let i = n - -125. What is the tens digit of i?
5
Let v(j) be the third derivative of -j**7/840 - j**6/360 + j**4/24 + j**3/6 + 4*j**2. Let q(a) be the first derivative of v(a). What is the units digit of q(0)?
1
Suppose 161 = c - 2*k, c - 164 = -k + 6*k. Suppose d - z - 226 = -2*d, 2*d + z = c. What is the units digit of d?
7
Let w(f) be the third derivative of -f**6/120 - f**5/60 - f**4/24 + 23*f**3/6 + 19*f**2. Let c be ((-1 + 1)*-1)/(-1). What is the tens digit of w(c)?
2
Suppose 0 = -5*n + 4*c + 2078 + 1330, 3410 = 5*n - 5*c. What is the tens digit of n?
8
Let l be -3 - (8/2 - 5) - -5. Suppose 3*d + 12*f - 282 = 9*f, l*d + 5*f = 280. What is the tens digit of d?
9
Suppose -9*f + 7*f + 8 = 0. Suppose 2*j = f, -3*r - 2*j = 3*j - 46. Suppose -r = 4*p - 104. What is the tens digit of p?
2
Suppose 2*x + 10 = 0, -5*h - 9*x + 10*x + 10725 = 0. What is the units digit of h?
4
Suppose 4500 = 22*w - 7*w. What is the hundreds digit of w?
3
Let l(g) = 21*g**2 + 5*g - 8. Let q be l(2). Suppose -92*v + 834 = -q*v. What is the tens digit of v?
3
Let f(x) = 3*x**2 - 28*x + 7. What is the units digit of f(18)?
5
Let m(j) be the second derivative of 37*j**3/6 - 9*j**2/2 - 6*j. What is the tens digit of m(2)?
6
Suppose -3*j - 2*j = -b + 232, -2*b - 5*j = -464. What is the units digit of b?
2
Let t = -81 - -5. Let v = t + 176. What is the hundreds digit of v?
1
Suppose -498 = 9*h - 3594. Suppose -2*i + h = -184. What is the hundreds digit of i?
2
Suppose 0 = 15*y - 17*y + 1308. What is the tens digit of y?
5
Suppose 3*z - 396 = 219. Let a = z + -118. What is the tens digit of a?
8
Suppose -13*o = -5814 - 5925. What is the hundreds digit of o?
9
Let n be (-1396)/14 - (-4)/(-14). Let i be n/(-15)*(-6)/(-5). Suppose j = 36 - i. What is the units digit of j?
8
Let b(q) = 45*q - 158. What is the hundreds digit of b(15)?
5
Let b(z) = 4*z**3 - 3*z**2 - 11*z - 21. What is the hundreds digit of b(5)?
3
Let y(d) = -d + 1. Let u(r) = -7*r + 7. Let f(c) = -2*u(c) + 10*y(c). Let m be f(11). Suppose 2*g + 0*g - m = 0. What is the tens digit of g?
2
Let a(u) = -28*u - 11. Let n = 22 - 25. What is the tens digit of a(n)?
7
Let z = -4 + 4. Suppose 0 = -2*o + 12 - z. Suppose -60 = -o*q + 3*q. What is the units digit of q?
0
Suppose 0 = -5*u + 5*y + 8657 + 19788, -y + 5689 = u. What is the units digit of u?
9
Suppose 3*b + 5*s = b + 44, 5*s + 75 = 5*b. Let q be (-1 - -2) + b + -4. Let g = q - 11. What is the units digit of g?
3
Let g = -2173 - -2240. What is the tens digit of g?
6
Let g be 6/(-10) - (-92)/20. Let a(i) = -6*i + 5 - g - 3 + 0*i. What is the units digit of a(-4)?
2
What is the tens digit of 172 - ((-6 - 2) + -2)/(-2)?
6
Suppose 5 - 9 = 4*q. What is the units digit of (4 - 23)/(q/5)?
5
Suppose 6*j = 7533 + 435. What is the units digit of j?
8
Suppose 4*h - 250 = 310. What is the tens digit of h?
4
Suppose -z = -3*q - 0*z - 49, -2*z - 10 = 0. Let p = q + 22. What is the units digit of p/(-18) + 7588/126?
0
Let y(l) = -21*l**2 - l - 10. Let v(r) = 7*r**2 + 3. Let k = 28 + -21. Let q(j) = k*v(j) + 2*y(j). What is the units digit of q(2)?
5
Let m = -147 - -429. What is the hundreds digit of m?
2
Suppose 2*x = -0*x + 12. Let k be 40/22 - x/(-33). Suppose 0 = a - 4*a - 9, k*y - 55 = 3*a. What is the tens digit of y?
2
Let g(j) = 402*j**2 - 8*j - 7. What is the thousands digit of g(-2)?
1
Let d(f) = f**3 - 18*f**2 - 1 + 60*f**2 - 22*f**2 + 15*f - 25*f**2. What is the units digit of d(7)?
2
Let b(c) = -40*c**3 + 1. Let t(z) = z**3 + 8*z**2 - z - 9. Let i be t(-8). What is the units digit of b(i)?
1
Suppose 3 = k - 1. Let f(t) = -2*t**2 - 27*t - 13. Let u be f(-11). Suppose 0 = -k*v + u - 18. What is the units digit of v?
6
Let u(i) = -i**2 - 12*i - 40. Let a be u(-7). What is the units digit of (-740)/(-3) - a/15?
7
Let o(g) = -g**2 + 7*g - 6. Let s be o(6). Suppose 4*n - 3 = -5*t, -15 = -s*n + 5*n. What is the tens digit of t/(1 + (-36)/39)?
3
Suppose 0 = -o - 4*d + 20, 0 = o + 3*d - 4*d + 5. Suppose 3*y = o, y - 3*y + 65 = 5*t. What is the tens digit of t?
1
Let s = 135 - 55. Suppose -o - s = -5*o. What is the tens digit of o?
2
Let u(p) = -92*p + 37. What is the tens digit of u(-3)?
1
Let n(h) = 45*h - 3. Suppose 14*s - 57 = -5*s. What is the hundreds digit of n(s)?
1
Let w be -4 - 6*1/3. Let g = 53 + w. What is the tens digit of g?
4
Suppose 7 - 20 = b. Let h(k) = k**2 + 8*k - 10. What is the units digit of h(b)?
5
Let i be 243/((1/(-2))/(15/30)). What is the units digit of ((-320)/6)/(54/i)?
0
Let n be (3 - -5) + 1 + -1. Suppose 7*r = 5*r + n. Suppose -244 = -4*o + r*w, 2*o + 3*w = -0*w + 107. What is the units digit of o?
8
Let o(n) = -n**2 - 24*n - 2. Let s(t) = -3*t. Let i(z) = 3*o(z) - 24*s(z). Let m(c) = c**2 + 1. Let a(f) = i(f) + 5*m(f). What is the tens digit of a(-4)?
3
Suppose 0 = -68*t + 65*t + 27. Let h = -1 - -3. Suppose t = p + h. What is the units digit of p?
7
Suppose 3*p - 19 = 101. Let s = 10 + p. Suppose 5*k - s